r - r - 50, -4*z = 5*r - 73. Let k = -15 + z. Suppose 4*p - 4*l = 12, l - 16 = -k*p + 5. Calculate the highest common factor of p and 64.
8
Let x = 43 + -41. Suppose q + 0*q = -2*y + 2, -26 = 5*q + y. Let i be 0 + (-155)/(-15) + 2/q. Calculate the highest common divisor of x and i.
2
Suppose 2*h + 1031 = 1123. Suppose 0*q = -2*q - 8. Let i(g) = g**2 - 3*g - 5. Let x be i(q). What is the greatest common divisor of h and x?
23
Let p(f) = 3*f**2 + 49*f + 4. Let k(t) = -6*t. Let g(i) = 24*k(i) + 3*p(i). Let c be g(-3). What is the highest common divisor of c and 252?
84
Let w = -143 + 166. Let r be (48 - 49) + 254 + (-2 - -2). What is the greatest common factor of r and w?
23
Let l be (-1008)/14*(1 + -4). Calculate the greatest common divisor of l and 2844.
36
Suppose 3*l = -o + 243 + 89, 3*l + 5*o - 328 = 0. Suppose -g + 124 = -5*j - 61, 0 = -3*g - 3*j + 555. Calculate the greatest common divisor of l and g.
37
Let q(c) = 6390*c - 31843. Let v be q(5). Let a be ((-856)/(-6))/(2/21). What is the greatest common factor of v and a?
107
Let g(z) be the third derivative of -z**5/30 + 31*z**4/24 + z**3/3 + 91*z**2 - 1. Let a be g(10). Calculate the greatest common factor of a and 16.
16
Suppose -3*w + 5 = -28. Suppose -4 = -w*f + 9*f. Suppose -67 = -4*r - p, -5*r - p + 53 + 30 = 0. Calculate the greatest common divisor of f and r.
2
Let p(y) = -4*y**3 - 8*y**2 - 17*y + 5. Suppose -17*l - 22*l = 117. Let o be p(l). What is the highest common divisor of 12 and o?
4
Let m be (-4)/5 + (-36324)/27*(-27)/180. What is the greatest common divisor of 9313 and m?
67
Let i = -26 + 71. Let o(u) = u**3 + 5*u**2 - 4*u - 4. Let l be o(-5). Let c be ((-2)/3)/(l/(-120)). What is the highest common divisor of c and i?
5
Suppose b - 44 = -5*i + 76, 3*b + 5*i - 410 = 0. Let j be 116/b - (-8)/(-30)*3. Suppose j = 11*l - 405 - 189. Calculate the highest common divisor of 72 and l.
18
Let t be -1 - (-1 + -162) - 1. Suppose -264*b + 266*b + 292 = 4*j, 0 = -5*j - b + 337. What is the greatest common factor of t and j?
23
Let n = -936 - -973. Suppose 0 = s + 28 + 2. Let d = s + n. Calculate the highest common divisor of 28 and d.
7
Let a = -246 - -364. Let y be 4*41*((-6)/4)/3. Let h = a + y. What is the greatest common divisor of 9 and h?
9
Let l be (177/(-15) - -13)*5. Calculate the greatest common divisor of 352 and l.
2
Let s be (16287/12)/(30*(-25)/(-9000)). Calculate the highest common factor of s and 122.
61
Let b(m) = -m**3 - 46*m**2 - 90*m - 76. Let a be b(-44). Calculate the highest common factor of a and 1472.
4
Let s be (20/2)/2 - -580. Let u = s + -380. What is the highest common divisor of u and 123?
41
Let k be 5730/9*36/30. Suppose -5*h - 5*d = -2*d - 1926, 2*h - k = 2*d. Calculate the highest common factor of 12 and h.
12
Let j(s) = 4*s**2 + 27*s + 6. Let z(w) = 4*w**2 + 30*w + 6. Let y(m) = 5*j(m) - 4*z(m). Let l be y(-4). Calculate the greatest common factor of 45 and l.
5
Let a be (-3)/(-9)*-1 + (-545)/75*-5. What is the highest common factor of a and 29844?
36
Let u be 6/15 - (-127872)/45. Calculate the greatest common divisor of 98 and u.
98
Let t be 3*18 - (-8 - -5). Let k = 34 + -32. Let a be (k - 96/(-9))*3. Calculate the greatest common factor of a and t.
19
Let p = -60 - -80. Let t(r) = -r + 3. Let s be t(-5). Suppose q - s = 22. Calculate the greatest common factor of p and q.
10
Suppose -43 = -2*d - 43. Suppose d*q + 132 = 2*q. What is the greatest common factor of 6 and q?
6
Let v be (-3)/(-9)*51/(-85)*-80. Calculate the highest common divisor of v and 320.
16
Suppose 2*h = 2, 14*f = 10*f - 5*h + 4073. Calculate the greatest common factor of 27 and f.
9
Suppose -205*r + 199*r + 432 = 0. Calculate the highest common factor of 4608 and r.
72
Let w(q) = 2*q + 15. Let y be w(-5). Suppose 2 + 22 = o + 4*g, y*o - 141 = g. Let a be 86 + (1 - 1) + -2. Calculate the greatest common factor of a and o.
28
Let h = -12495 - -12570. What is the greatest common factor of 3345 and h?
15
Let c(d) = 2*d**2 + 13*d - 15. Let b be c(10). Suppose -6*m + 194 + 562 = 0. What is the greatest common divisor of m and b?
63
Let k be 12/32 + (2809473/152)/23. What is the highest common factor of 13132 and k?
268
Let s(g) = -30*g + 20. Let w be s(-9). Suppose -f - w - 930 = -4*t, 316 = t - 3*f. Let z = t - 62. Calculate the highest common factor of 22 and z.
22
Let n be 2 + 1 - (-7 + 7 + -2). Let b(l) = 5*l - 9. Let f be b(n). Calculate the greatest common factor of f and 128.
16
Suppose -5*q = -8*q - 5*p + 1482, 2*q - 986 = -4*p. Calculate the greatest common divisor of 2 and q.
1
Let k = 279 + -267. Suppose 0 = -m + 4*m - k. What is the greatest common divisor of m and 38?
2
Let l be (-9)/63 + 1325/(-35). Let u = 46 + l. What is the greatest common factor of 4 and u?
4
Suppose 0 = -64*r + 72*r - 192. Suppose -8*y = -4*y - 1056. What is the greatest common factor of y and r?
24
Suppose 0 = -4*o + 2*w - 106 + 472, w + 3 = 0. What is the greatest common factor of 11430 and o?
90
Let t(n) = n**3 + 26*n**2 + 26*n - 23. Let s be t(-25). Let l = 49 + s. Suppose -l = -5*h + 314. What is the highest common factor of h and 42?
21
Let s be ((-6)/(-12))/(1/4). Suppose s*k = u + 5 - 1, 0 = u - 3*k + 6. Suppose u = 2*z - 0 - 18. Calculate the highest common factor of 9 and z.
9
Let o = 2 + 2. Let w be 0*(3 - (-78)/(-24))*-2. Suppose -4*s - 2*k = -44, w*s = 2*s + 4*k - 16. Calculate the highest common factor of s and o.
4
Suppose 82*t = -85*t + 6032966 - 1029646. Calculate the highest common factor of 28 and t.
28
Let a(w) = 32*w**3 - 4*w**2 + 8*w - 3. Let h be a(1). Calculate the highest common divisor of h and 2486.
11
Suppose -29*h - 3740 = -46*h. Suppose -12*x = -23*x + h. Let f = -61 + 101. What is the highest common divisor of f and x?
20
Suppose 643*s = -578*s + 30525. Let k = 62 + -37. Calculate the greatest common divisor of k and s.
25
Suppose 4*i - 806 = -12*i - 10*i. What is the greatest common factor of i and 4?
1
Let v be (11/(-3) - -1)/((-88)/(-86196)). Let f be (-22)/33 + v/6. Let h = -236 - f. Calculate the highest common divisor of 25 and h.
25
Let p(d) = 9*d + 351. Let n be p(-34). What is the greatest common factor of 4545 and n?
45
Let l = 97 + -101. Let d be (-6)/l*(-7280)/(-60). What is the highest common factor of d and 14?
14
Suppose -3*p - 13*p + 832 = 0. Let v be 168/20*(372/9 + 2). What is the highest common factor of v and p?
52
Let p(r) = 4*r + 61. Let h be p(7). Suppose -3078 = h*g - 98*g. What is the greatest common divisor of g and 19?
19
Suppose -2*u = -0 - 120. Suppose -7*y + 9*y = 0. Suppose -4*o - 2*a + 184 = y, -a + 87 = 3*o - 50. What is the highest common factor of o and u?
15
Let y = 173 + -172. Let w be -2 - ((y + -5)/4 - 34). Calculate the highest common divisor of w and 264.
33
Let s = 8849 + -8398. What is the highest common divisor of s and 287?
41
Let p = 275 + -95. Let m(w) = w**3 - 17*w**2 + 10*w - 70. Let d be m(17). What is the highest common factor of d and p?
20
Let d(w) = -3*w**2 + 32*w - 4. Let g(y) = -y**2 + 11*y - 1. Let m(j) = -6*d(j) + 17*g(j). Let t be m(7). Calculate the greatest common divisor of t and 3.
3
Let d = -10155 + 10162. Calculate the highest common divisor of d and 17.
1
Let n be -2*((-174)/4)/3. Suppose -32719 + 45103 + 62320 = 112*q. What is the highest common divisor of q and n?
29
Let p = -8197 - -8575. Let r be 16/(-6)*(-486)/12. Calculate the greatest common factor of p and r.
54
Suppose 67 - 9 = 5*v - 4*a, -5*v = a - 48. What is the highest common factor of v and 610?
10
Suppose 248*n = -31*n + 5580. What is the highest common factor of 80 and n?
20
Let r be -280*(960/56)/(-12). Calculate the highest common divisor of r and 112.
16
Suppose -4*r - 8*k - 27 = -7*k, -21 = 3*r + k. Let v be 1/(-5) + (48/(-10) - r). What is the highest common factor of v and 17?
1
Let q = 34 + 22. Let d(v) = -18*v + 5. Let k be d(10). Let i be 14/k*-5*40. Calculate the greatest common divisor of q and i.
8
Let m = -337 - -145. Let j be 1/6 - 1312/m. Suppose 147 = 3*d - 0*d. Calculate the greatest common divisor of d and j.
7
Let p(q) = 27*q + 56. Let z be p(-2). Suppose -20*r - z*r + 9394 = 0. What is the highest common divisor of 61 and r?
61
Let c be 4/(-3)*(1 + (-15)/6). Suppose 0 = -c*w + 232 + 22. Let l = -115 + w. Calculat